6 - -278) + (3 + 4 - (4 - 2))
-23
Evaluate 9 - (-14 + -2 - (5 + -8)).
22
What is 132 + -143 + (-2 - 0) + -2?
-15
Evaluate -18 + (-1 - 7) + -23 + 28 + 11.
-10
2 - ((-4 - -5) + (0 - -10 - 5))
-4
What is 5 - (-1 + 7 + -11 + 17)?
-7
What is the value of 8 - 1 - (0 - (0 + -6))?
1
What is (-6 - (0 - 7 - (-15 + 13))) + 16?
15
Evaluate (5 - -7) + (4 - -2) + -3 + -26.
-11
What is 24 - (-34 - (-30 + -3))?
25
What is 8 - (-4 - (17 + -15))?
14
Calculate 7 + 0 - (-2 - -2 - (-28 + 23)).
2
What is -23 - (-25 - 2 - -23)?
-19
What is the value of (0 - (0 - 7)) + (19 - (-5 + 19))?
12
Calculate 1 - (-3 + 12 - 7) - 8.
-9
What is the value of -1 + (13 - 0) + (8 - 7 - 1)?
12
Evaluate -2 + -24 + 19 + -8.
-15
Evaluate (-9 - (-10 + -26)) + -12.
15
What is (0 - (-1 + 3 + -6 + 6)) + 4?
2
Calculate -35 + (40 + -4 - 14).
-13
What is the value of -7 - ((-2 + 2 - 1) + -8) - 5?
-3
What is 16 - 24 - (1 + 2)?
-11
What is (1 - 5 - (-10 + 2)) + (-3 - 1)?
0
Calculate 21 - (26 + -1 + -19).
15
-16 + (-2 - (-3 - -1)) - (6 - 16)
-6
-25 + 0 + 14 - (-1 - -16)
-26
What is the value of -1 - (-1 - 7 - -7 - 5) - 1?
4
What is the value of (-4 - (9 + 5 + -10) - 3) + -18?
-29
Calculate (8 + 3 + -1 + 9 - 9) + 2.
12
What is -26 - (-14 + (-6 + -1 - -10))?
-15
-22 + 1 + (35 - 35)
-21
Calculate 21 - 5 - (-22 + 44).
-6
What is (15 - (-14 + 29) - 3) + 18?
15
Calculate (12 + -6 - (-8 - -30)) + 9.
-7
2 + (6 - 5) - -5 - 18 - -3
-7
What is the value of (-206 - -177) + -1 + (-1 - -2)?
-29
Calculate -20 - (-35 - -57) - (-12 + 3).
-33
Evaluate (-375 - -396) + (-50 - 2).
-31
Evaluate 28 - (39 + 6 + -31).
14
Evaluate -1 + -23 + (6 - (-6 - -17 - 11)).
-18
Evaluate (12 + 2 - 2) + -691 + 665.
-14
What is the value of (-5 - 8 - -10) + -9?
-12
-16 + (8 - -4 - -13 - 13)
-4
What is (0 - -2) + 3 - (1 - (-11 - 4))?
-11
Evaluate 18 - (-4 + -1 + 27 + -8 + -14).
18
-10 + (21 - -28 - 5)
34
Calculate -12 + (-13 - -1 - -16).
-8
What is -35 + -25 + 41 - -25?
6
-11 + (-4 + 3 - 6) - -5
-13
Calculate 0 + 0 + -3 + -18 + 9.
-12
(8 - 6) + -8 + (9 - 3) + -21
-21
Calculate (3 - ((13 - 16) + -19)) + (-1 - 4).
20
(-98 - -95 - (5 - 1)) + 12
5
What is -8 - -3 - (83 + -81)?
-7
What is the value of -16 - ((2 - 3) + -1 + (-134 - -136))?
-16
What is the value of 11 + -1 - (-3 + 0 + (-22 - -18))?
17
Evaluate (-7 - 1) + (141 - 136) - -4.
1
Calculate (6676 - 6646) + (-1 - 11) + 0.
18
What is -9 - (5 - 10) - (-4 - 8)?
8
Calculate (5 + -4 + -1 - 1) + (-4 - -6).
1
-3 - -1 - (1 - 14 - (342 - 325))
28
-8 + (-28 - -14) - -10
-12
What is the value of 1 + 1 + (-79 + 79 - (-1 - 3))?
6
6 - -7 - (22 + -6 + 0)
-3
What is 18 + (0 - 5) + (-32 - -31)?
12
Calculate -23 + 9 + -2 + 13.
-3
What is the value of -20 - ((4 - (12 - 5)) + 14)?
-31
Evaluate 200 + -173 + -36 + 1.
-8
Calculate (-4 + 10 - -3) + -5 + -5 - 1.
-2
Evaluate 11 - ((-3 + -1 - -7) + -5).
13
Evaluate (11 - -25) + 2 + (7 - 23).
22
What is -58 + (32 - -32) - (-3 + 2 - 7)?
14
What is 27 - (-4 + (-13 + 19 - -2))?
23
(1 - -5) + 1 + (0 - (-63 + 81))
-11
-26 + -3 + 27 - (1 + -1 + 5)
-7
What is -7 + (1 - -13) - (15 - -11)?
-19
Calculate 0 - (-3 + -4 + (-10 - -8)) - 2.
7
Calculate -10 + (0 + (-16 - -38) - -7).
19
Calculate -12 + (-10 - -5 - 8) - (0 + 0).
-25
What is the value of (5 - -2 - 5) + (3 - 10) + 4?
-1
-1 + -3 + 9 + (6 - 11) - 0
0
What is 4 + -20 + 4 + (6 - (2 - 1))?
-7
What is -27 + 2 - (0 + -14 + 7 + 2)?
-20
0 + -10 - (-1 - 24)
15
-1 + 3 - -5 - (1 + 11) - 12
-17
What is 0 - -10 - (-423 + 445)?
-12
What is -12 + 11 - -11 - 2?
8
-29 - (-23 + -5) - (0 + (1 - 2))
0
What is the value of -10 + 10 + -1 + 2 + -8 + 4?
-3
Calculate -1 + (6 - 3) + -4 + 6 + 4.
8
Evaluate (1 + -3 + -2 - (-53 - -53)) + 6.
2
What is (1 + -2 - 2) + (23 - 93 - -77)?
4
Evaluate 4 + 21 + -3 + -36.
-14
0 + 4 - (4 + 25 - 14)
-11
6 - 4 - ((2 - (13 + -3)) + -2)
12
-19 + 7 + (0 - -10)
-2
What is the value of (-1 - 9) + (5 - (53 + -24 + -38))?
4
What is the value of -3 - (6 + (9 - 1)) - (1 + 0)?
-18
-10 + 0 + 19 + -21
-12
Evaluate (-17 - -21) + (-18 - -1).
-13
Evaluate (-2 + -3 - (-4 + (6 - 0))) + 22.
15
Evaluate (0 - 5) + 4 + 37 - (-2 - -4).
34
5 + -2 + 52 + -48 + (0 - 16)
-9
Calculate 8 + -34 - (5 - 24).
-7
Calculate 10 + (-42 + 47 - (-6 + 20)).
1
What is the value of -13 + -2 + (4 + -2 + 1 - 2)?
-14
What is the value of (49 - 31) + (-60 - -54 - (-9 - 0))?
21
Calculate -10 - (-13 - (2 + 9)).
14
Evaluate 96 + -72 + (5 - -1).
30
What is the value of -1 + 8 - (-36 + 10 + 51)?
-18
(-1 - -1 - 4) + (-76 - (-49 - 37))
6
What is the value of -401 - -399 - (-1 - 4)?
3
Calculate -2 + (-8 - (14 - 27)).
3
-31 + 13 + 22 + 7
11
Evaluate 4 - (-3 + 4) - (72 + -77).
8
What is -7 + (0 - -9) + -7 + -2?
-7
What is 41 + -34 + -1 + -14?
-8
What is the value of -1 + 0 - (26 - (23 - 9)) - -7?
-6
Calculate -7 - (2 + -5 - 5) - 14.
-13
13 + (-1 - 2) + -18
-8
-45 - -49 - (8 + -25)
21
Evaluate 1 + 4 + -30 + -3 + 9.
-19
Calculate (-5 - -25) + (-8 - -10).
22
Evaluate 2 + 31 + 2 + 76 + -93.
18
What is the value of 8 + -11 + (16 - 7) + -4?
2
What is the value of 19 - ((-2 + 3 + -9 - -13) + -7)?
21
(21 - 26 - -12) + -2 + -1
4
Calculate (-2 + 0 - -4) + (-2 - -10) + -10.
0
What is (7 - -1 - 1) + 7 - 9?
5
(4 + -9 + 1 - 5) + 10
1
What is 176 + -179 + 18 + -1 + -26?
-12
What is the value of 6 + -4 - (-7 + 6)?
3
Calculate 11 + -3 + -48 + 55 + -1 + -2.
12
1 - -5 - (-71 + 90)
-13
4533 - 4565 - (-2 - (-2 + 0) - 6)
-26
Calculate -33 + 104 + -33 - (-2 - -18).
22
What is (-2 - -4) + -6 + 0 - (4 + -8)?
0
Calculate (53 - 52) + (0 - 15) + 11.
-3
Evaluate -60 - -104 - (8 + 29).
7
What is 5 - (0 - (5 + -10 + 11))?
11
What is the value of 0 + 0 + 31 + -34 + (-3 - -8)?
2
What is the value of 13 - 23 - (2 + -12)?
0
Calculate (-34 + 33 - (9 - (4 - 0))) + 0.
-6
Evaluate -1 - (-3 + (5 + -2 - (-29 - -22))).
-8
What is 3 + 3 + -8 - (10 + 5 - -4)?
-21
What is (-3 - (4 + 1 + -2)) + -14 + 6?
-14
Evaluate 8 - (3 - 8 - 10).
23
What is 197 - 207 - (1 + 4)?
-15
Calculate 4 + (1 - 2) + (5 - 12) - -22.
18
Calculate 0 - -19 - (-44 - -66 - 11).
8
-16 - (11 + -30 - 22)
25
Evaluate (-2 - -43) + -315 + 293.
19
Evaluate -18 + (27 - -5) + -5.
9
What is the value of -3 - (14 + -69 + 23)?
29
Calculate 1 - -4 - (-36 + 42).
-1
Evaluate 17 + -15 + (8 - 3).
7
-2 + 0 + (-11 + 4 - -7) + -1
-3
Calculate 3 - 21 - 10 - (-3 + -8 + 2).
-19
What is -16 + (-9 - (-60 + 49))?
-14
Evaluate -28 - (-1 - (30 + 21)).
24
(32 - 19) + -4 + -1 + -1 + -21
-14
54 - (7 - (-8 + -19))
20
18 + -15 + 0 + -5 + -2 - 2
-6
Calculate -16 + 22 + 27 + -22.
11
(3 + -35 - -9) + 30
7
-11 + (-7 - -17) + 8
7
Evaluate 10 + -1 + (95 - 89).
15
Calculate -13 - ((-1 - (4 + -12)) + -13 - 1).
-6
Evaluate -36 - -57 - ((8 - 10) + 2 + 0).
21
What is 5 - (3 - (14 - (-20 + 7 + 5)))?
24
0 + 12 - (27 + -16 + 0)
1
Calculate 22 + -12 + 10 + -26.
-6
What is 7 + -2 + (-19 - -11)?
-3
What is the value of -10 - (8 + 7 - 14) - (-43 + 0)?
32
Evaluate -10 + (-1 - 0) + 1 - -17.
7
What is the value of 3 + -19 + 26 + 8?
18
What is the value of (-25 - -22) + 0 + -2 + 0?
-5
What is the value of -20 - (-23 + -7) - 12?
-2
What is (8 - 13) + (4 - (-6 - -2)) + -6?
-3
What is the value of 39 + -59 - (-8 + -4)?
-8
What is 3 + 11 - (29 + -4 + -17)?
6
What is 5 - 1 - (13 - (9 + -2))?
-2
What is 20 - ((-10 - -16) + 2)?
12
Calculate 381 + -394 - ((-4 - -2 - -4) + -3).
-12
Evaluate (13 - 2 - 0) + -20.
-9
Calculate -10 + (-10 - -3 - (48 - 89)).
24
What is the value of (16 - (-7 - -30)) + -12?
-19
Calculate -1 + (6 - (2 - 2)) + (-50 - -53).
8
0 - -6 - 3 - (-104 - -93)
14
What is the value of (-9 - -8) + 3 - ((11 - 2) + -7)?
0
Calculate -14 + 44 - (-10 + 22).
18
What is the value of -23 - (18 + (2 - 58))?
15
Calculate -3 + 27 + 0 + (-4 - (10 + -6)).
16
What is 26 + ((7 - 8) + 4 - 14)?
15
Evaluate 6 - (-8 - -19) - (22 + -35).
8
Evaluate (1 - -6) + 0 - (-1 + -6).
14
(1 + 8 + -1 - (-166 + 171)) + -3
0
What is the value of -58 + 10 + 16 - -49?
17
Calculate 6 + 17 + -10 + -16.
-3
What is the value of (-22 - -18) + (-2 - -2) + 3?
-1
Calculate (-18 - -32) + -4 + 2 - -7.
19
Calculate (-8 - -2 - (-12 + 7)) + 13.
12
Evaluate -17 + 24 + (-1 - 3) + 5 - 5.
3
What is the value of 2 + -8 - (-2 - -31 - 17)?
-18
1 + (12 - -1) + -13 + -3 + 11
9
What is the value of (-41 - -24) + (-2 - -12)?
-7
Calculate 2 + 3 + (19 - 4).
20
What is the value of 2 - -2 - (29 - (-23 - -42))?
-6
4 + 1 + 3 - (-15 + 29 - 0)
-6